e 3, what is -11222 - -121?
-11101
In base 13, what is -1 - -246?
245
In base 4, what is 112 - 21?
31
In base 11, what is 23 + -4?
1a
In base 15, what is -2 - -b3?
b1
In base 16, what is 79 - -4?
7d
In base 10, what is -3 + -3675?
-3678
In base 2, what is -101101 - 10?
-101111
In base 8, what is 5 - 6364?
-6357
In base 9, what is 184 + 7?
202
In base 2, what is 100 - 11110011?
-11101111
In base 11, what is -10 - 18?
-28
In base 11, what is 34 - -145?
179
In base 16, what is -30a0 - -2?
-309e
In base 13, what is -2 - 1042?
-1044
In base 3, what is -10 + 11211211?
11211201
In base 3, what is 1122 + -102?
1020
In base 9, what is 2 + 187?
200
In base 14, what is -3 - -180?
17b
In base 2, what is -110001001 - -1001?
-110000000
In base 15, what is 7 + 15?
1c
In base 2, what is 10001 + -11001011?
-10111010
In base 2, what is -1 + 11100110110?
11100110101
In base 7, what is -65 - 4?
-102
In base 15, what is a + -14?
-9
In base 5, what is 4 - 2403?
-2344
In base 12, what is a - -458?
466
In base 9, what is -18 - 367?
-386
In base 8, what is -11 + 422?
411
In base 12, what is -5712 + -2?
-5714
In base 9, what is 12540 + -5?
12534
In base 16, what is 4 - dd?
-d9
In base 10, what is -800 - 2?
-802
In base 9, what is -5 + 1884?
1878
In base 16, what is -1 + 4d?
4c
In base 13, what is c0c + -1?
c0b
In base 2, what is -1 + -101001101?
-101001110
In base 10, what is -93 - -8?
-85
In base 14, what is 3 + 43?
46
In base 4, what is -112 + -31?
-203
In base 15, what is -5 + -6a?
-70
In base 4, what is -100 - 1003?
-1103
In base 3, what is 10 + 101102?
101112
In base 15, what is -b - -9c?
91
In base 16, what is -84 + 1?
-83
In base 4, what is 1221 + 330?
2211
In base 11, what is 2 - -26?
28
In base 9, what is 3 + -18?
-15
In base 12, what is 0 + 37?
37
In base 15, what is 572 - 3?
56e
In base 10, what is -128 - 3?
-131
In base 3, what is -220212 - -2?
-220210
In base 4, what is -11032 - 32?
-11130
In base 4, what is -33202 + -11?
-33213
In base 4, what is 0 - 1102?
-1102
In base 9, what is 3 - -4142?
4145
In base 15, what is -3 - -24?
21
In base 11, what is -1 - 861?
-862
In base 3, what is -2 + -110?
-112
In base 2, what is 1110 + -111101?
-101111
In base 13, what is -101b + 0?
-101b
In base 13, what is 31 - 60?
-2c
In base 10, what is 3 - -281?
284
In base 14, what is -4 + -7a?
-80
In base 3, what is -1220 - 20?
-2010
In base 3, what is 11 - 1112211?
-1112200
In base 5, what is -24224 - -3?
-24221
In base 5, what is -113 + 31?
-32
In base 15, what is 1cd - 1?
1cc
In base 5, what is 300041 - 2?
300034
In base 15, what is 17 - 5?
12
In base 15, what is -89 + -5?
-8e
In base 3, what is -12 - 212220?
-220002
In base 14, what is -7 - -142a?
1423
In base 11, what is -6 + 1a?
14
In base 5, what is 213411 + -2?
213404
In base 3, what is 2 - -10121?
10200
In base 14, what is -1a + 12?
-8
In base 9, what is -5 + -1025?
-1031
In base 9, what is -8 + -721?
-730
In base 10, what is 5 + -363?
-358
In base 3, what is 1221 - -10?
2001
In base 15, what is 2d - -98?
c6
In base 6, what is -5 - 1501?
-1510
In base 7, what is 0 + 4?
4
In base 10, what is -250 - 9?
-259
In base 10, what is -11 - -5?
-6
In base 5, what is 4 + -2312?
-2303
In base 2, what is -1 + 110100001?
110100000
In base 15, what is -6c - -b5?
48
In base 5, what is 23 + 141?
214
In base 10, what is -12 - 37?
-49
In base 8, what is -131 + 12?
-117
In base 15, what is -9 + 2?
-7
In base 6, what is 151 + -1?
150
In base 10, what is -35 - -1?
-34
In base 9, what is -5 - -12440?
12434
In base 10, what is 317 - 8?
309
In base 14, what is -1697 + 2?
-1695
In base 14, what is -510 - 5?
-515
In base 3, what is 12 - -1002212?
1010001
In base 10, what is -54 + 4?
-50
In base 8, what is -401 + -23?
-424
In base 10, what is 9115 + -1?
9114
In base 3, what is -2112 + 2012?
-100
In base 10, what is 531 - 5?
526
In base 14, what is -35 - -d?
-26
In base 14, what is 1 - -8d7?
8d8
In base 3, what is 110 - 1002?
-122
In base 13, what is 1a - 4?
16
In base 10, what is -1731 - 0?
-1731
In base 14, what is 116b + -4?
1167
In base 3, what is 2000 + 10?
2010
In base 11, what is -3a4 + -5?
-3a9
In base 7, what is 54 + 6?
63
In base 16, what is -4 - -53c?
538
In base 4, what is -3230 + 110?
-3120
In base 16, what is fe + 2?
100
In base 14, what is -5 + -1a?
-21
In base 9, what is -13 - 14?
-27
In base 6, what is -10 + -2214?
-2224
In base 16, what is -be - 4?
-c2
In base 6, what is -5 - -14?
5
In base 5, what is -21 - -30?
4
In base 13, what is -5 + 86?
81
In base 13, what is -61 - 8?
-69
In base 6, what is -3 - 242?
-245
In base 3, what is -10000 - 2?
-10002
In base 14, what is -29 - 50?
-79
In base 7, what is 60062 + -3?
60056
In base 13, what is -1b7 - -5?
-1b2
In base 8, what is -1103 - -10?
-1073
In base 4, what is -11 - -1?
-10
In base 7, what is 5 - -25450?
25455
In base 9, what is -122 - 124?
-246
In base 16, what is f - 2?
d
In base 10, what is -57 + 2?
-55
In base 11, what is 175 + -5?
170
In base 15, what is -52 + 3?
-4e
In base 10, what is 2 - -595?
597
In base 11, what is -a1 - -10?
-91
In base 13, what is -5 - 10a?
-112
In base 16, what is a4 + -19?
8b
In base 9, what is 3 + 7?
11
In base 16, what is -4 + f8b?
f87
In base 12, what is 93 - -9?
a0
In base 6, what is -1421 + 45?
-1332
In base 3, what is 21 + -210?
-112
In base 10, what is 5 - 186?
-181
In base 13, what is -10a - -3?
-107
In base 8, what is 11 + 0?
11
In base 9, what is -3146 - -4?
-3142
In base 2, what is -101110 + -1011101?
-10001011
In base 15, what is -2e7b - 0?
-2e7b
In base 4, what is -13 - 2?
-21
In base 15, what is -2a - -3?
-27
In base 7, what is -1 - 3402?
-3403
In base 12, what is -40 - 70?
-b0
In base 14, what is -4 + -24?
-28
In base 4, what is 12301 - 3?
12232
In base 12, what is -519 + 2?
-517
In base 11, what is -3056 - 5?
-3060
In base 8, what is -11724 + -3?
-11727
In base 14, what is 4db - 1?
4da
In base 8, what is 1 - 1611?
-1610
In base 5, what is -2 - -4434?
4432
In base 4, what is -10232300 - -2?
-10232232
In base 5, what is -4 + -1012?
-1021
In base 10, what is 5 - 71?
-66
In base 6, what is 10133 + 2?
10135
In base 2, what is -1 - -10011?
10010
In base 11, what is 58a + 5?
594
In base 15, what is d76 + 5?
d7b
In base 11, what is 4 - -96?
9a
In base 12, what is -14 - -8?
-8
In base 12, what is -23 - 8?
-2b
In base 4, what is -23 - 12310?
-12333
In base 6, what is -52 - -3?
-45
In base 15, what is 0 + 11e?
11e
In base 2, what is 110000110 + 101?
110001011
In base 14, what is 4 + -d6?
-d2
In base 3, what is 120 - 2222?
-2102
In base 3, what is 2001 + -1022?
202
In base 13, what is 73a - 10?
72a
In base 13, what is 0 - 126?
-126
In base 15, what is 11 - -25?
36
In base 3, what is -1010 - -221?
-12
In base 7, what is -14 + 10?
-4
In base 4, what is -21332 + -2?
-22000
In base 7, what is 1 - -214?
215
In base 12, what is 12 - -30?
42
In base 11, what is -4 - -48?
44
In base 3, what is -1220 + -11?
-2001
In base 15, what is 86 + -5?
81
In base 13, what is a45 + 3?
a48
In base 8, what is 145 - -3?
150
In base 8, what is 16403 + 5?
16410
In base 3, what is 22201 - -2?
22210
In base 9, what is 5 + 137?
143
In base 10, what is 83 - -8?
91
In base 6, what is 10 - 123?
-113
In base 3, what is -10 - 202112?
-202122
In base 12, what is -3 - 60a?
-611
In base 6, what is -2 + -402?
-404
In base 12, what is 4 - -11?
15
In base 6, what is -120 + 2?
-114
In base 5, what is 1 + -43?
-42
In base 10, what is -12 - 17?
-29
In base 13, what is 1 - 1b20?
-1b1c
In base 4, what is 100 - 3?
31
In base 14, what is -b - -7?
-4
In base 4, what is -11 - 21200?
-21211
In base 10, what is 41 - 91?
-50
In base 8, what is -3 - 444?
-447
In base 2, what is -101100111 - 100?
-101101011
In base 8, what is -104 + 50?
-34
In base 8, what is -74 + 25?
-47
In base 10, what is -5 - 265?
-270
In base 3, what is -222 - -100?
-122
In base 9, what is -316 - -26?
-280
In base 7, what is 1 - 2364?
-2363
In base 13, what is 0 - -17?
17
In base 8, what is 1 + 124?
125
In base 15, what is -ded + -1?
-dee
In base 8, what is 234 + -42?
172
In base 13, what is 5 - bc?
-b7
In base 9, what is -245 + -2?
-247
In base 13, what is -895 - 4?
-899
In base 5, what is 10 + -213334?
-213324
In base 15, what is 9 - 524?
-51a
In base 7, what is -1 + 24535?
24534
In base 6, what is -111 + -50?
-201
In b